hat is 3411 - 35b?
3083
In base 2, what is -101011000 - 10110111010001001?
-10110111111100001
In base 15, what is 1 + -6a6726d?
-6a6726c
In base 11, what is -7 - -4a34a?
4a343
In base 15, what is 40c + -7dc11?
-7d804
In base 5, what is -210 - 413434040?
-413434300
In base 3, what is 101011201222 - -2020100?
101020222022
In base 5, what is 1110 - -1332102110?
1332103220
In base 8, what is -114 - -120726?
120612
In base 5, what is 13 + 3140404002?
3140404020
In base 6, what is 102110 + -240?
101430
In base 7, what is 0 - 245154562?
-245154562
In base 5, what is 1022313 + 2223?
1030041
In base 16, what is 154 - -2e0ba?
2e20e
In base 10, what is 4 + 1774201?
1774205
In base 8, what is -4462773 + 10?
-4462763
In base 16, what is 54440 - be?
54382
In base 8, what is -131 + -1361067?
-1361220
In base 12, what is -9079464 + -3b?
-90794a3
In base 5, what is 4 - 43012341244?
-43012341240
In base 3, what is -22221 + 10001010222202?
10001010122211
In base 12, what is -12219640 + -5?
-12219645
In base 14, what is 22b + -3d037d?
-3d0152
In base 7, what is 1153220 + 130?
1153350
In base 11, what is -2556 + 4386?
1930
In base 7, what is 5 + 351535624?
351535632
In base 13, what is 739 + -1b7548?
-1b6b0c
In base 15, what is 42a9d2 - 54?
42a97d
In base 12, what is 270 + -11018?
-10968
In base 10, what is -29467662 + 5?
-29467657
In base 13, what is -1b28b88a7 - 0?
-1b28b88a7
In base 13, what is -305761b - 5?
-3057623
In base 11, what is 1998a + -4682?
15308
In base 13, what is -3c81 + -28?
-3ca9
In base 13, what is 18297b022 + -1?
18297b021
In base 4, what is -123122332230 + -1?
-123122332231
In base 8, what is 0 - 200152443?
-200152443
In base 2, what is -111111000 - -100110001011111011?
100110000100000011
In base 4, what is -1030111300102 + -10?
-1030111300112
In base 15, what is 31 - -4392?
43c3
In base 6, what is -45254010 + 5?
-45254001
In base 11, what is -4 + 827085?
827081
In base 16, what is b41 + -61e7?
-56a6
In base 6, what is 325344 - -15035?
344423
In base 3, what is 2 + 111111122001121?
111111122001200
In base 15, what is 475c09 - -1?
475c0a
In base 2, what is 110100101011011101100 + -10110011?
110100101011000111001
In base 12, what is 207 - 12542?
-12337
In base 3, what is -2222212220000 + -12?
-2222212220012
In base 6, what is 1033 + -1350505?
-1345432
In base 4, what is -30 - 20222212111?
-20222212201
In base 6, what is -2135332 - -3434?
-2131454
In base 6, what is -1323 + 54325?
53002
In base 5, what is -1143 - 22020?
-23213
In base 9, what is 71833 + -6?
71826
In base 7, what is 10 + -2361252?
-2361242
In base 12, what is -10a4 - 9315?
-a3b9
In base 8, what is -1465270 + -2?
-1465272
In base 5, what is 241 - 3013021242?
-3013021001
In base 12, what is 11baa14 - -b?
11baa23
In base 10, what is 242818522 + 0?
242818522
In base 8, what is -42744174 - -5?
-42744167
In base 4, what is -1103103132301 + 0?
-1103103132301
In base 5, what is -111231303 - -2?
-111231301
In base 5, what is -11122403240 + 3?
-11122403232
In base 5, what is -2200000 - -304030?
-1340420
In base 7, what is -20510 - 5163?
-26003
In base 10, what is 28833 + -8182?
20651
In base 11, what is -15 - -10a0058?
10a0043
In base 9, what is -2144156 - 41?
-2144207
In base 15, what is -136bb + 3b?
-13680
In base 3, what is -200012 - 212221022100?
-212221222112
In base 12, what is -5a20 + -5ab?
-640b
In base 4, what is -10 - 13220231030?
-13220231100
In base 11, what is 129300 - 123?
129188
In base 9, what is -1110 - -141365?
140255
In base 7, what is -11515 - 14250?
-26065
In base 5, what is -3142202 + -124?
-3142331
In base 11, what is -8357 + 1474?
-6993
In base 13, what is 10a - 141b3a?
-141a30
In base 2, what is -100111111001100101 - 100001000?
-100111111101101101
In base 3, what is 11002001022122 - 2101?
11002001020021
In base 6, what is -213 - 441433?
-442050
In base 6, what is -103111001 + -4?
-103111005
In base 15, what is ba40 + e5a?
c99a
In base 15, what is 56 - -1a256?
1a2ac
In base 10, what is 481 + -21888?
-21407
In base 14, what is -1 + 57cb370?
57cb36d
In base 6, what is 230411 + 520140?
1150551
In base 5, what is -244413432442 - 4?
-244413433001
In base 11, what is 60 - -677224?
677284
In base 5, what is -10 + -14040041012?
-14040041022
In base 5, what is -11441230 + 3123?
-11433102
In base 4, what is -1012 + -211022303223?
-211022310301
In base 6, what is -141 + 2200324?
2200143
In base 3, what is 0 + 200111112220110?
200111112220110
In base 4, what is 310012311 + 1000?
310013311
In base 9, what is 280045854 - 2?
280045852
In base 14, what is -3258dd - 20?
-32591d
In base 4, what is -1031332013 - 1021?
-1031333100
In base 10, what is 9903 - -37790?
47693
In base 8, what is 7357077 - 43?
7357034
In base 3, what is -2010022021 + -20112?
-2010112210
In base 8, what is -27216 + -74?
-27312
In base 7, what is 1300 - -514114?
515414
In base 6, what is -1504355510 - -22?
-1504355444
In base 9, what is -15738412 - -2?
-15738410
In base 14, what is -2dd3 + -1c7?
-31ba
In base 10, what is 4 + -9649038?
-9649034
In base 10, what is -12 + -13321458?
-13321470
In base 9, what is -11635058 - 21?
-11635080
In base 16, what is 1d1e33b + 0?
1d1e33b
In base 7, what is 1652 + -106320?
-104335
In base 7, what is -4166501426 - -3?
-4166501423
In base 14, what is 4 + -299673?
-29966d
In base 3, what is 2002211000102221 + -10?
2002211000102211
In base 8, what is 10 - 24511064?
-24511054
In base 9, what is -3361 + -4265?
-7636
In base 15, what is -4b9ac839 - -2?
-4b9ac837
In base 4, what is 20001 + -201100300?
-201020233
In base 2, what is 11 - -1000001100101010100000001011?
1000001100101010100000001110
In base 3, what is -1121002120000 - -11000?
-1121002102000
In base 15, what is -1 - 4ce87a?
-4ce87b
In base 12, what is 8 - -1aba6843?
1aba684b
In base 5, what is 2313320402 - -20?
2313320422
In base 7, what is 3 - -13150106?
13150112
In base 3, what is 10221021101 + 10111001?
11001202102
In base 16, what is 4281 + 20e?
448f
In base 11, what is -12 - -2111a9?
211197
In base 4, what is 103102120012002 + 0?
103102120012002
In base 6, what is -23535 + -55102?
-123041
In base 16, what is -241e - -1452?
-fcc
In base 10, what is 433 + 1635488?
1635921
In base 9, what is -3 + 64163218?
64163215
In base 10, what is 1 + 1520818?
1520819
In base 2, what is 11111 - 10101101100100000010110111?
-10101101100100000010011000
In base 7, what is -11 - 12416403?
-12416414
In base 7, what is -2 + 20636421?
20636416
In base 6, what is -45331 + 141135?
51404
In base 2, what is 1010111011110011011100 + -1001?
1010111011110011010011
In base 3, what is 11121210121 - -221022?
11122201220
In base 6, what is 311544 - 520?
311024
In base 11, what is 9a52929 + 5?
9a52933
In base 7, what is 113 + -1151020?
-1150604
In base 9, what is 10326 + 526?
10853
In base 9, what is 3 + -33405271?
-33405267
In base 15, what is -16ea8 + 1?
-16ea7
In base 4, what is -30202201031 + 20?
-30202201011
In base 12, what is -916 + -4b492?
-501a8
In base 16, what is -4e177 - -23?
-4e154
In base 13, what is -147783 - 185?
-147938
In base 14, what is d867047 + -4?
d867043
In base 9, what is 3 - 2234813?
-2234810
In base 10, what is -34509 + -6008?
-40517
In base 2, what is 1100111000111100 - 10010?
1100111000101010
In base 6, what is 15 - 2412000245?
-2412000230
In base 16, what is -178 + -142da?
-14452
In base 15, what is 1 - -1eb377?
1eb378
In base 15, what is 16deb + -a2?
16d49
In base 9, what is 2046154 - 111?
2046043
In base 4, what is 1 + 201323210?
201323211
In base 15, what is 3975b27 - -6?
3975b2d
In base 8, what is -22 + -14617145?
-14617167
In base 6, what is -12355 + 141204?
124405
In base 10, what is -15706 - 1156?
-16862
In base 13, what is -171030 - 96c?
-17199c
In base 14, what is -23c089 - -b?
-23c07c
In base 15, what is -32a864 - -1?
-32a863
In base 12, what is 2 + -42562787?
-42562785
In base 11, what is -29 - -13666?
13638
In base 12, what is 250961 + 1?
250962
In base 11, what is 594407 + 189?
594595
In base 7, what is 4 - 210521604?
-210521600
In base 6, what is -2 - 133115353?
-133115355
In base 16, what is 1 + -210312?
-210311
In base 5, what is 113404 + -1124133?
-1010224
In base 7, what is -142354 + 1103?
-141251
In base 7, what is 1113565034 - -3?
1113565040
In base 6, what is -121 - -45414?
45253
In base 5, what is